= 5*p - 3*d, 2*d = -14 + 22. Is t(p) a prime number?
True
Let l = 46375 - 31649. Suppose -6*f = -90314 + l. Is f a composite number?
True
Suppose -26173 - 20874 = -91*m. Is m prime?
False
Suppose -6 - 3 = -9*u. Is ((-6)/(12/(-85)) - u)*22 composite?
True
Let y be (-3 - 10) + 7 + 8. Suppose 0 = 3*q - 5*t - 9625, y*q - 22*t + 18*t - 6418 = 0. Is q a prime number?
False
Let r = -5050 - -5439. Is r prime?
True
Suppose -1701234 = -29*c - 41*c + 64*c. Is c prime?
False
Suppose -7*r - 495219 = -4*b - 6*r, -3*b = -5*r - 371444. Is b a composite number?
False
Suppose k + 5*k = 36984. Suppose -3*w - 8257 = -4*x - 2*w, -3*x - 5*w + k = 0. Let y = 2950 - x. Is y composite?
False
Suppose 3*y = -5*b + 391, 0 = 3*b + y - 2*y - 229. Let u = -77 + b. Suppose 5*z + a = 7188, u*a = -2*a + 6. Is z a prime number?
False
Suppose -3*y = -5*j - 13, 2*j - j = 5*y - 7. Is y/(-2) + (-16)/(192/(-36090)) a composite number?
True
Let b = 2643 - 827. Suppose 0*u + 16248 = -8*u. Let x = b - u. Is x a prime number?
True
Let q(n) = -1239*n - 7. Let g be q(-14). Suppose 0 = -8*z + g + 5165. Is z composite?
True
Is (-1*3/6)/(88/(-667568)) composite?
False
Let y(u) = -u**3 - 60*u**2 - 162*u + 295. Is y(-78) a prime number?
True
Is ((-532625)/15 + -2)*(-78)/26 prime?
True
Let a = 147783 - 90281. Is a prime?
False
Let a(v) = 2*v - 13. Suppose 5*h - h = 36. Let s be a(h). Suppose -s*t = -10, -4*w + 4*t = t - 926. Is w composite?
False
Let u = -871 + 485. Let f = -257 - u. Let t = 674 + f. Is t a composite number?
True
Let d be (0 - -1)*-1*167 + -1. Let r = d + 18. Is (r - 1)*(2 + (-18)/2) composite?
True
Let i = 967 + 92104. Is i a prime number?
False
Let c(i) = 2*i**3 - 9*i**2 - 19*i + 6. Let s be c(6). Suppose -6*t + 15514 + 7244 = s. Is t a prime number?
True
Suppose 5*o = 3*q - 37, -2*q + 8 + 25 = 5*o. Let i(u) = 18*u**2 + u - 109. Is i(q) a composite number?
False
Let o(l) = 100*l**2 + 8*l - 179. Is o(-15) composite?
True
Suppose 12*v - 20 = 28. Suppose -4*l + 15636 = -v*x, 4*x + 14381 = 3*l + 2652. Is l composite?
False
Is (917 - 2254268)*(6/(-9))/2 composite?
True
Let r = -9650 - -33. Let d = r + 16086. Is d composite?
False
Suppose -4*k + 24 = -4*h, 3*h + 3 = 2*k - 4. Suppose 0 = 16*f - k*f + 4665. Is (-4 + f + -1)*1/(-2) prime?
False
Let u be 9/((-54)/24) - -23272. Let k = u - 9439. Is k prime?
True
Let a(m) = 7*m**2 + m + 7. Suppose 8*t + 257 = -135. Let c = t + 55. Is a(c) prime?
False
Let z = -72288 - -177737. Is z a composite number?
False
Let p be -6 - (18 - 10 - 12010). Let l(u) = -u**2 - 9*u - 8. Let f be l(-6). Is -1 + p/f + (-14)/(-35) a composite number?
True
Let z(l) = 783*l + 419. Is z(10) a composite number?
True
Suppose 3*l - 5*p - 436758 = 0, 0 = -4*l - 10*p + 7*p + 582315. Is l a prime number?
False
Suppose i - 1331 = -3*f, -10*i = -5*i - 5*f - 6755. Let a = 327 + i. Is a prime?
False
Suppose 7*z = -2*t + 3*z + 10, 0 = -5*t - 4*z - 5. Is t/10*-11*134 a prime number?
False
Suppose -6*n = 15 + 45. Let l be (-22255)/n - (-2)/4. Let v = l + -1085. Is v a composite number?
True
Let n = -390550 - -574311. Is n composite?
False
Let g(n) = 232*n**2 - 3*n + 2. Suppose -7*w - w + 8 = 0. Let i be g(w). Suppose 2*h - 791 - i = 0. Is h a composite number?
True
Let h(o) = 33*o + 9. Let q be h(5). Let g = q + 2. Suppose s + d = -s + 334, -s = 5*d - g. Is s a prime number?
False
Let r = 22268 + -5551. Suppose 2*m - 4*s - r = -3*m, m - 2*s - 3347 = 0. Is m a composite number?
True
Suppose -3*k - 4*p = 5, -4*p - 16 = -4*k - 4. Is (-14)/42 + (-27722)/(-6) + k a prime number?
True
Suppose -4*f = 254*a - 249*a - 197697, -2*a = -4*f - 79090. Is a prime?
True
Let w = 21411 + -2818. Suppose 5*o + 37186 = 2*x, x - 2*o - w = -3*o. Is x prime?
True
Is 4*5/5 - (-64718 - 9) a prime number?
False
Suppose -4*s - 2*h = -2116, 3*s + 4*h - 9*h - 1561 = 0. Is s composite?
True
Suppose 2*t = -6, -8*w + 6*w + 581439 = t. Is w a composite number?
True
Suppose -2*a + 2*i + 165200 = 0, -i + 240217 + 7563 = 3*a. Is a a prime number?
False
Let t(m) = 2754*m**2 - 3*m + 3. Let b be t(3). Suppose -4*k + 3*k = -s + 8258, -3*s + 5*k + b = 0. Suppose 0 = -7*c + 2*c + s. Is c prime?
False
Suppose 3*r = -x - 6, -15*r = -17*r - 4. Suppose -2*o - 5*i + 3085 = x, -53*o + 6152 = -49*o + 4*i. Is o prime?
False
Is ((-40)/30)/((-7)/((-28650615)/(-20))) composite?
False
Let t = 23 - 19. Suppose o + o - 616 = -3*r, -t*o = -5*r + 1056. Suppose f - r = -9. Is f prime?
True
Suppose 1475764 = 5*l + k, 28*l + 3*k + 590309 = 30*l. Is l a composite number?
False
Suppose 3*r + u + 3 = 0, -3*r - 6*u + 11*u - 21 = 0. Is (-7 + 6 - -3)*(-3043)/r composite?
True
Let h = 59723 + 110850. Is h prime?
False
Let g(d) = 6*d - 32. Let y be g(-6). Let l be 4/(4/34 + (-26)/y). Suppose 9*r = -l*r + 6698. Is r a composite number?
True
Let f(l) = 66*l**2 + 8*l + 3. Let b be f(-7). Let y = b - 2209. Suppose 6256 = 4*j + 3*r, -y - 2178 = -2*j + 4*r. Is j a composite number?
False
Let m = 12321 - -7376. Is m a prime number?
True
Let o = 26148 - -16045. Is o prime?
True
Let x(p) = 264*p**3 + 6*p**2 + 47*p + 54. Let h(o) = 89*o**3 + 2*o**2 + 16*o + 18. Let r(m) = 8*h(m) - 3*x(m). Is r(-5) composite?
True
Let r = 30 + -44. Let a(q) = q**3 + 14*q**2 + q + 11. Let l be a(r). Let h(z) = 123*z**2 + 5*z + 7. Is h(l) prime?
False
Let t = -217 - -223. Suppose -4*a + t = 2, -2*n - 3*a = -88381. Is n prime?
True
Suppose 0 = 4*s - 18*s + 42. Is s/6*3 + 44710/20 prime?
True
Suppose -3*m - 3 = 0, -5*q - 2*m = -9*q + 1486. Let t = 1130 + q. Is t a composite number?
True
Let s = -80 + 77. Let i(a) = 351*a**2 + 3*a + 13. Is i(s) a prime number?
True
Let n = -347021 - -767112. Is n composite?
True
Let g be 4/(-1)*(0 + 6333/(-6)). Let w = 7715 - g. Is w composite?
True
Let o(l) = -28 + 2 - 18 - 53910*l**2 + 54128*l**2 - 15*l. Is o(-3) a prime number?
False
Suppose 26*y + 1409 = 499. Is 6/7 - 360365/y a composite number?
True
Suppose -15*i + 98918 + 8767 = 0. Is i composite?
True
Let u(r) = r**2 + 2*r - 1. Let v be u(-3). Suppose 0 = -f + 4*g + 2, 4 = 2*f + v*g - 7*g. Suppose -f*c - 4*p = -82, 0 = c - 4*p - 3 - 32. Is c a prime number?
False
Is 189 - 199 - -2*(-61145)/(-2) a composite number?
True
Let x(b) = 16*b**2 - 11*b + 35. Let g(i) = 3*i**2 - 17*i. Let z be g(6). Is x(z) prime?
False
Let o = -138 - -143. Suppose 10*a - 5*a = 20, o*s = -3*a + 1097. Is s composite?
True
Let a = -367 + 377. Suppose -5*m = 2*k + 884 - 13745, 0 = -2*m - a. Is k composite?
True
Let s(v) = -1781*v - 397. Is s(-6) prime?
True
Let y(a) = -a - 16. Let f be y(-16). Let t(z) = -z**2 + z - 1459. Let n be t(f). Let l = -760 - n. Is l a composite number?
True
Let v(d) = -59*d**2 - d - 16. Let z be v(-8). Let x = 6897 + z. Is x a composite number?
True
Suppose -88*k + 89*k = 172829. Is k a prime number?
True
Suppose -11*s - 27496 = -v - 12*s, 5*s = 25. Is v composite?
True
Let k(h) = -16457*h - 78. Let z(i) = 2743*i + 13. Let g(a) = 2*k(a) + 13*z(a). Is g(4) composite?
False
Let b be (1 + 1 + -2)/(-81 + 83). Suppose -5*j - 5*o + 37615 = -1090, -o = b. Is j a prime number?
True
Let z be (-6 - -16)/(619/310 + -2). Let i = -591 - z. Suppose -4*u = 3*k - 2*k - i, 5*u - 7541 = -3*k. Is k composite?
True
Let d(r) = -7*r - 7. Suppose 4*h - 20 = -5*u + 2*h, 4*h - 14 = 3*u. Suppose -u*l = 3*a + 2, -2*l = -3*a - 3*l - 7. Is d(a) composite?
True
Let n(l) = -2*l**3 - 16*l**2 + l + 10. Let y be n(-8). Suppose -3*w - y*o + 34 = w, 4*w - 43 = o. Suppose w*a - 6*a = 248. Is a a prime number?
False
Suppose -4*y = 3 - 23. Suppose 2*q + 4*s - 104 = 0, 108 - 407 = -y*q + 3*s. Is q composite?
True
Let b = 12661 - -18738. Is b a prime number?
False
Let m = 129 + -126. Suppose 8*v - 10*v = -3*f - 4927, -2*f - 7383 = -m*v. Is v composite?
False
Suppose -6*o = 9 - 9. Suppose 2*k = 4*j - 0*j - 492, o = -j + k + 125. Is j prime?
False
Let o = 2779 - 1774. Let q = -122 + o. Is q prime?
True
Let l(h) = h - 24. Let o be l(20). Is (5 - 1448/o)*17 prime?
False
Let i be 187/2 + (-4)/(8/(-1)). Let l = i + -83. Suppose 7*t + 8 = l*t, 2*t - 1469 = -k. Is k a prime number?
False
Is ((-190857)/(-12))/(43/172) composite?
True
Suppose f + n = 42431, -26*n - 169714 = -4*f - 25*n. Is f composite?
True
Let y(r) = -11366*r**3 + 6*r**2 + 9*r - 3. Is y(-2) composite?
False
Suppose l + 68*m - 60721 = 66*m, 0 = 5*l + 3*m - 303598. I